26). Calculate the highest common divisor of 1937 and a.
13
Let p(s) = 4*s. Let z be p(1). Suppose 3*i + 10 = -5*m, -32*i + 2*m = -36*i - 4. Suppose -z*v + 0*v + 144 = i. Calculate the highest common divisor of 9 and v.
9
Let d(t) = t**3 - 5*t**2 - 10. Let q be d(9). Suppose -3*u + 4*g = -q, -3*u = -4*u - 2*g + 88. Calculate the greatest common factor of u and 14.
14
Let h be -2 + (18/9 - -500). What is the greatest common divisor of h and 180?
20
Suppose 0 = 43*i - 12*i - 93. Let c be (5/(-3))/(-5)*3. Calculate the highest common divisor of i and c.
1
Let a(f) = -f**2 - f + 45. Suppose 0 = 3*l + 2*l. Let y be a(l). Let z be 3/(2/(-20)*-2). Calculate the greatest common factor of y and z.
15
Let h = 4074 + -911. Suppose -6*k - 103 = -h. Suppose 581 + 165 = 3*n - 5*l, -2*n = 3*l - k. Calculate the greatest common divisor of 28 and n.
28
Let d = 568 + -517. Calculate the highest common factor of d and 221.
17
Suppose -g = -3*q - 123, 3*g = 4*q + q + 361. Let i = -3 - -56. Let l = g - i. What is the greatest common divisor of l and 8?
8
Let o = -13 - -23. Suppose 0 = 2*b + 4*b - 24. Let v be (-8 - -2) + b + 112. Calculate the greatest common factor of o and v.
10
Suppose -167 = -2*y + q, 101 = -2*y + 3*y - 4*q. Calculate the greatest common divisor of y and 648.
81
Let k = 252 + -214. What is the highest common factor of k and 19?
19
Suppose 11 = 4*d + 5*x, 5*d = -2*x + 1 + 17. Let p(f) = f**3 + f**2 - 5*f + 7. Let y be p(3). Calculate the greatest common divisor of y and d.
4
Suppose -16*i + 47 = -1. Let j(l) = 6 + 0*l**3 - 6*l**2 + l**3 - 2*l - 2*l. Let w be j(7). Calculate the greatest common divisor of i and w.
3
Let m be 7/2 - (-11)/(-22). Suppose -2*o - m = -9. Calculate the greatest common factor of 18 and o.
3
Let m(x) = 2*x**2 + 1. Let i be m(-3). Suppose -5*f = 5*d + 75, 5*f - d - 62 = -167. Let l = f - -39. What is the greatest common factor of i and l?
19
Let l be 1/(-4) + (-171)/(-12). Let g(n) = n**3 - 14*n**2 + n + 10. Let y be g(l). Suppose a - y = -a. What is the highest common factor of 12 and a?
12
Let p(j) = 40*j + 355. Let c be p(14). Calculate the greatest common divisor of c and 60.
15
Suppose 0 = -3*v - 0*v + 3*f + 33, 2*v = 4*f + 16. Let g = 28 - v. Calculate the greatest common factor of g and 70.
14
Suppose 0 = 4*a + 4*m - 20, 2 = -5*a - m + 23. Suppose 44 = 10*k + a. Calculate the greatest common divisor of 4 and k.
4
Let i = 20 + -10. Let p be (-37)/(-5) - 6/(-10). Let u = 10 - p. Calculate the greatest common factor of u and i.
2
Let a be -1 - (-9)/(-1 - -4). Suppose -a*p - 3*p + 10 = 0. Let g be 4 + 14 + 2 + -2. Calculate the greatest common factor of g and p.
2
Suppose -71*m - 576 = -80*m. What is the highest common divisor of 2048 and m?
64
Let i(k) = k - 3. Let c be i(7). Suppose 0 = 9*u - 79 + 7. Suppose t + u = 4*n + 4*t, c*n - 8 = -2*t. What is the highest common divisor of n and 3?
1
Let i = 778 + -598. What is the highest common divisor of 72 and i?
36
Let a(s) = s**2 + 5*s - 5. Let q be a(-6). Suppose 0 = i + 4*g - 10, 0 = -3*g - q - 5. Calculate the highest common divisor of 18 and i.
18
Let i be 10/8 - 344/(-32). Suppose -270 = -i*w - 30. Let q be 3/(1 + (-1)/(-2)). What is the greatest common factor of q and w?
2
Suppose -y - 1 = 3. Let b be 3 + y - (-19 - -2). Let t = 17 - -23. Calculate the highest common divisor of t and b.
8
Let h = 33 - -11. Let c = h - 24. Suppose 6*s - 5*s + 5*g - 95 = 0, 0 = -5*s + 2*g + 502. Calculate the greatest common divisor of c and s.
20
Let n be (-40)/(-12)*(-12)/(-10). Suppose 0 = 3*b - 6, 8 = -2*w + n*b + b. Let a(h) = 43*h + 1. Let d be a(w). Calculate the highest common divisor of 22 and d.
22
Suppose 3*x = -5*k + 110, -10*k + 190 = 5*x - 5*k. Calculate the highest common factor of 820 and x.
20
Let d(u) = -u**2 + 32*u - 21. Let f(c) = c**2 - 12*c + 1. Let q be f(13). Let t = 0 + q. Let a be d(t). Calculate the greatest common factor of 33 and a.
33
Suppose 35*r = 32*r + 195. Let w = -39 + r. Calculate the greatest common factor of 13 and w.
13
Let t = 43 - 36. Suppose -t*j = j - 504. Let q be 3/(-7) - 891/(-21). What is the highest common divisor of q and j?
21
Suppose 196 = -2*m + 340. Let r be 4/14 + (-131)/(-7). Let w = r - 11. Calculate the highest common factor of w and m.
8
Let i be (0 - (1 - 2))*3. Let d(l) be the first derivative of -l**3/3 - 11*l**2/2 - l - 8. Let m be d(-10). Calculate the greatest common divisor of m and i.
3
Let l be (0 - 9/(-2))*-2. Let o be (-7)/(-9) - 2/l. Let g be ((-560)/(-50) + -13)/(8/(-40)). Calculate the greatest common divisor of g and o.
1
Let v be 1717 - (-2 + -5 - (-8 + 4)). Calculate the greatest common factor of 40 and v.
40
Let a = -4989 - -983. Suppose 0 = -2*w - v - 10, 2*w = 7*w - 5*v - 5. Let c be w/21 + a/(-14). Calculate the greatest common factor of c and 26.
26
Let g = 607 + -601. Calculate the greatest common divisor of g and 74.
2
Let c be 19/2*-42*11/(-33). Calculate the highest common factor of c and 171.
19
Let n(u) = -u + 20. Let f be n(18). Suppose 4*d + p - 36 = 0, 5*d - f*p - 45 = -3*p. Calculate the greatest common factor of d and 9.
9
Let f(u) = -8*u - 3. Let o be f(-14). Let v = 205 - o. Let x be (2 - -2)/((-1)/(-3)). What is the greatest common factor of v and x?
12
Let g = -593 - -624. What is the greatest common divisor of 1 and g?
1
Let o = -107 + 129. Let z = 9 - -13. Calculate the greatest common divisor of o and z.
22
Let s be 154 - (4 + (-1 - -3)). What is the greatest common divisor of s and 4?
4
Let y(r) = 4*r**2 - r. Let a be y(-1). Suppose i = 9 - a. What is the greatest common divisor of 32 and i?
4
Suppose -5*t = -38 - 92. Let q = -4117 - -4195. Calculate the greatest common factor of q and t.
26
Let z(w) be the third derivative of 7*w**4/24 - 19*w**3/6 + w**2. Let h be z(3). Calculate the highest common divisor of h and 18.
2
Let i = -1030 - -1075. Let c = 3 - -27. Calculate the highest common factor of i and c.
15
Suppose 4*h = -213 + 245. What is the greatest common divisor of h and 16?
8
Suppose -4*a - a + 625 = 0. Suppose -2*d + 27 + a = 0. Calculate the greatest common divisor of d and 19.
19
Suppose -4*s = -226 + 162. What is the greatest common factor of 1152 and s?
16
Let r be 1/(((-90)/(-3000))/(6/8)). What is the greatest common divisor of r and 2000?
25
Let f(o) = 3*o**2 + 71*o - 9. Let d be f(-24). Suppose -3*l + 135 = m, 4*l + 0*m - 4*m - 180 = 0. What is the greatest common divisor of l and d?
15
Let v be (-2)/(-4) + 242*9/36. What is the greatest common divisor of 2 and v?
1
Let m(a) = -52*a + 784. Let d be m(14). What is the highest common divisor of d and 252?
28
Suppose 5*x = -15, -4*x - 147 = -2*m - 5*x. What is the greatest common divisor of 105 and m?
15
Let n be (-3)/7 + (-6120)/(-119). Let j = -29 + n. What is the greatest common divisor of 2 and j?
2
Suppose 39*n - 3653 = -1157. What is the greatest common divisor of n and 80?
16
Suppose -f + 2*h + 86 = -3*f, -5*f = 3*h + 207. Let j = f + 56. Calculate the highest common factor of 187 and j.
17
Let g = -11 + 23. Suppose k - g = -k. Suppose -2*v + k = -12. What is the highest common divisor of v and 63?
9
Let x(r) = 80*r - 970. Let a be x(29). What is the greatest common divisor of a and 12?
6
Let g(c) = -c**3 - c**2 + c + 287. Let x be g(0). Calculate the highest common divisor of 41 and x.
41
Let t be 7/((-4)/(-8)*14) + 24. What is the greatest common factor of t and 155?
5
Let d(v) = -99 + v + 102 + 2*v. Let c be d(7). What is the highest common factor of 48 and c?
24
Let b(x) = x**3 + 10*x**2 - 7*x - 24. Let o be b(-10). Let t(a) = 22*a - 34. Let l be t(12). Calculate the highest common divisor of o and l.
46
Let r be 96/(-112) - (-942)/21. Calculate the greatest common divisor of r and 22.
22
Let a be (3 - -1)*-3*(-3)/18. Let r be 4 - 7 - (-57 + a). Calculate the highest common divisor of r and 130.
26
Suppose 0 = -2*i - 10, 4*j - i + 19 = -12. Let u = 10 - j. Calculate the highest common factor of u and 19.
19
Let u = -224 - -347. Let w = -35 + u. What is the greatest common factor of 132 and w?
44
Let u = -105 + 108. Suppose 85 = u*f + 3*j - 5*j, -65 = -3*f - 2*j. Calculate the highest common factor of f and 5.
5
Let z be 22 + 5/1*-1. Let n = 333 + -180. What is the greatest common divisor of n and z?
17